74. What are the prime factors of ((-42)/(-4))/((-11)/r)?
3, 7
Let l(q) = 3*q**2 + 26*q + 2. Let s(c) = -4*c**2 - 26*c - 3. Let t(w) = -3*l(w) - 2*s(w). What are the prime factors of t(-20)?
2, 3, 5
Let j(c) be the first derivative of 22*c**3/3 + c**2 - 3*c - 9. List the prime factors of j(1).
3, 7
Let u = 522 + 1018. What are the prime factors of u?
2, 5, 7, 11
Let z(g) = 8*g + 4. Let u be z(8). Suppose -3*p + u = -97. What are the prime factors of p?
5, 11
Suppose r = 5*u + 25, 2 = -5*r - 4*u + 11. Let j = 7 - r. Suppose -x = -3*m - 20, x - 3*m - 16 = -j*m. What are the prime factors of x?
2, 7
Let u be 14/(-21) + (-34)/(-6). Suppose -2*f = 2*i, -2*i - u*f - 2 = 2*i. What are the prime factors of (-12)/4 - -41 - i?
2, 3
Suppose p + f - 351 = -45, 1238 = 4*p - 3*f. Let a = -207 + p. List the prime factors of a.
101
Let f(u) = 4*u**2 + 5*u - 2. Suppose 5*k = -171 + 21. Let p be (-6)/5*k/(-9). List the prime factors of f(p).
2, 3, 7
Let v be (-4)/44*-134 - 4/22. What are the prime factors of 87 - -1 - 8/(4 - v)?
89
Suppose 2*i + 4*w - 2356 = 0, 0*i = -4*i - 4*w + 4704. What are the prime factors of i?
2, 587
Suppose 5*h - 2*v = 756, 459 + 305 = 5*h + 2*v. Let u = 29 + h. List the prime factors of u.
181
Let q = 2 - -2. Suppose 0 = q*m - 3*m - 70. What are the prime factors of m?
2, 5, 7
What are the prime factors of (-432972)/(-243) + ((-6)/(-27))/1?
2, 3, 11
Let v = 945 + -517. Suppose 2*z + 2*w - v = 0, -4*z + 3*w + 1038 = z. Suppose x - z = -4*x. List the prime factors of x.
2, 3, 7
Let r(q) = -13*q + 10. Let h be r(4). List the prime factors of (-24)/h - 660/(-21).
2
Let d(q) be the first derivative of 23*q**3/6 - 3*q**2/2 - 6*q - 11. Let k(u) be the first derivative of d(u). List the prime factors of k(2).
43
Let m be 3*(3 + 264/9). Suppose 2*h - m = -577. What are the prime factors of (-1)/3 + h/(-18)?
13
Let k = -307 + 825. List the prime factors of k.
2, 7, 37
Let z(a) = -2*a**2 + 10*a - 4. Let t be z(11). What are the prime factors of (5 + 1)/((-8)/t)?
2, 3, 17
Let o = -215 - -361. List the prime factors of o.
2, 73
Suppose -4*c + 7 = -3*s + 6*s, -3*c - s + 9 = 0. Suppose 2*g - 22 = t - 204, -c = g. List the prime factors of t.
2, 3, 29
Suppose -5*l = -195 + 60. Suppose -78 = -3*h - l. Let u = h + -13. What are the prime factors of u?
2
Let b(z) = -z**2 - 10*z + 13. Let r be b(-9). Let d be 1/(-4)*-4*0. Suppose d = u - 0*u - r. List the prime factors of u.
2, 11
Suppose -3*m + 565 = -3*h + h, 2*m + 3*h = 355. What are the prime factors of m?
5, 37
Let c(r) = 3*r**3 + 22*r**2 + 21*r - 14. Let k(l) = 2*l**3 + 11*l**2 + 10*l - 7. Let s(b) = 3*c(b) - 5*k(b). What are the prime factors of s(12)?
5
Let v(u) = -u**2 - 3*u + 2. Let l be v(-2). Suppose 3*a - 234 = -2*d + 95, l = -2*d. List the prime factors of a.
3, 37
Let t(h) = 10 - 11 + 4*h + 2 + 0 - h**2. Let y be t(4). List the prime factors of y/((-2)/(-20)) + 2.
2, 3
List the prime factors of (-1 - -5)*(-11696)/(-64).
17, 43
List the prime factors of (((-1533)/2)/3)/((-109)/218).
7, 73
Suppose 748 = h + 4*u, -4*h + 2750 + 194 = 4*u. What are the prime factors of h?
2, 3, 61
Suppose 6*s - 8 = 2*s. Suppose r = -s*l + 141, 4*r + 106 = 4*l + 622. Suppose -5*g - 2*p = -r, 4*p = 5*g - 71 - 38. List the prime factors of g.
5
Suppose 5*h - 665 = -3*n, -4*h - 218 = -4*n + 658. List the prime factors of n.
2, 5, 11
Let i be (8/(-10))/(14/70). What are the prime factors of (i - (-93 - 4)) + 4?
97
Let z(q) = 0*q + q + q - 3*q + 7. Let l be z(5). Suppose c + 6 = -0*o + o, 0 = -l*c - 4. List the prime factors of o.
2
Let d(v) = -5*v**3 + 24*v**2 + 29*v + 6. Let j(z) = -2*z**3 + 12*z**2 + 14*z + 3. Let k(c) = 3*d(c) - 7*j(c). What are the prime factors of k(-12)?
3, 43
Let n(f) = 273*f**2 - 49*f + 17. List the prime factors of n(-4).
3, 509
Let l be ((-40)/(-15))/(8/36). Suppose l + 28 = 2*y. List the prime factors of y.
2, 5
Let l(f) = 28*f**2 + 2*f - 1. Suppose -3*m = 19 + 17. Let k = -11 - m. What are the prime factors of l(k)?
29
Let s = -744 - -1365. What are the prime factors of s?
3, 23
Let s = -4957 + 6996. List the prime factors of s.
2039
Suppose 0 = 15*o - 327 - 2943. What are the prime factors of o?
2, 109
What are the prime factors of 16/20*5 - -138?
2, 71
Let t be -16*(52/(-16) + 3). Suppose -j + t*h = h - 235, -713 = -3*j + h. List the prime factors of j.
2, 7, 17
Let n(x) = x**3 + 10*x**2 - 2*x - 11. Suppose 18*q + 111 = -15. List the prime factors of n(q).
2, 3, 5
Suppose -2*r = -r + 5. What are the prime factors of 4/10 - 358/r?
2, 3
Let j = 1958 - 612. List the prime factors of j.
2, 673
Suppose 0 = 9*x - 3329 + 719. List the prime factors of x.
2, 5, 29
Let n = -24 + 38. Suppose 5*p + 14 = d - 6, 2*p = -4*d + n. Suppose w + 0*s - s - 30 = 0, -122 = -d*w - 2*s. What are the prime factors of w?
2, 13
Let s(h) = 12*h + 416. List the prime factors of s(29).
2, 191
Let y(i) = i - 5. Let v be y(11). List the prime factors of (6*(2 - 0))/(v/42).
2, 3, 7
Suppose 0 = 3*m + 8 + 4. Let j = 4 + m. Suppose 4*g - 5*c = 94, -4*g + c + 45 + 41 = j. List the prime factors of g.
3, 7
Let y(j) = 9*j + 27 - 42 + 20 - 10*j. Suppose -14 = 5*p + 6, -p = 5*d + 39. What are the prime factors of y(d)?
2, 3
Let u(y) = 2*y**2 - 105*y**3 + 5*y**2 + 106*y**3 + 6*y**2 + 19*y. What are the prime factors of u(-11)?
3, 11
Let b be (12/(-21))/2 - 4081/(-49). Let y = -55 + b. What are the prime factors of y?
2, 7
Let j = 91 - 95. What are the prime factors of (2 + -359)/(j/8 + -1)?
2, 7, 17
Let f(t) = 5*t**2 - 11*t - 33. List the prime factors of f(-15).
3, 419
Let o = -1 + 6. Let s(z) = -z**2 + 3*z + 4. Let y be s(o). Let j = y + 8. List the prime factors of j.
2
Let m(f) = 2*f - 3. Suppose -5*w - 17 - 16 = 2*a, 19 = -3*w - a. Let d be (8/(-4) - w)*1. List the prime factors of m(d).
3
Let o = 365 - 249. Let z = 24 + -27. List the prime factors of 1/3 - o/z.
3, 13
Suppose -j - 15 = -3*l, 2*l - 6*l = 3*j + 6. List the prime factors of 10026/36 + j/(-4).
2, 5, 7
Let g be (1 + -7)/(6 - 8). Suppose 0 = g*h - 11 - 13. Suppose 0 = p - 2*i - 43, 0 = -h*p + 3*p + 3*i + 180. List the prime factors of p.
3, 11
Let g(d) = 3 - 4*d + 2*d**2 + 2 - 2*d - d**2. What are the prime factors of g(9)?
2
Suppose s + 2 + 12 = 4*t, -18 = -5*t + s. Suppose -t*p = p - 150. List the prime factors of p.
2, 3, 5
Let i be 0/(-1) + -13 + 13. Suppose 3*l - 63 = m - 0*m, 4*l + 5*m - 65 = i. List the prime factors of l.
2, 5
Let f = 327 - -281. List the prime factors of f.
2, 19
Let q = 20 + -83. Let t be 15/2*84/7. Let h = t + q. List the prime factors of h.
3
Let a = -18 + 23. Let h = 2 + a. Suppose -z - 23 = -s - 4*z, -s + 5*z + h = 0. What are the prime factors of s?
17
Let a = -9 - -7. List the prime factors of (-704)/(-12)*(-3)/a.
2, 11
Let u = -369 - -975. Let r = u - 363. What are the prime factors of r?
3
Suppose 2*u - i - 10 = 0, 4*u = 3*u - 4*i + 14. Let a be -1 + u + (-10)/(-5). Let f = 12 + a. What are the prime factors of f?
19
Let r be 2/(-9) - 114/(-27). Suppose -r*l - l - 15 = -t, -2*t + 12 = -4*l. Suppose 30 = 4*w + 2*f, t*w + 4*f + 70 = 5*w. What are the prime factors of w?
2, 5
Let g be ((-440)/(-4))/1 - 2 - 1. Let x = g + -47. List the prime factors of x.
2, 3, 5
Let o be (-235)/(-1) + 21 + -17. Suppose -o - 181 = -6*k. List the prime factors of k.
2, 5, 7
Suppose 4*f - 3 = 5. Suppose -f*l + 17 = -109. List the prime factors of l.
3, 7
Suppose -4*j + 3774 = 5*k, k - 2254 = -2*k - 5*j. What are the prime factors of k?
2, 379
List the prime factors of (-2)/(-6)*(7 - 4) + 399.
2, 5
Suppose -2*k - 2*p + 1084 = 0, 4*p - 3777 = -5*k - 1069. What are the prime factors of k?
2, 3, 5
Let v(j) = 67*j - 1. Let t be v(3). Suppose -b + 4*c = -6*b + 197, 5*b = -5*c + t. List the prime factors of b/((1 - 3) + 3).
37
List the prime factors of (-6989 - -1)/(-1)*369/1476.
1747
Suppose -2*b - 1 = 1. Let w(z) = -41*z**2 + 6*z + 17. Let c(p) = -20*p**2 + 3*p + 8. Let y(s) = -13*c(s) + 6*w(s). List the prime factors of y(b).
3, 5
Suppose -6*i - 5*c = -5*i - 77, 0 = -3*i + 3*c + 267. List the prime factors of i.
3, 29
Suppose 4*z - 3*y - 11 = 0, -5*z - 3*y + 0 = -7. Suppose z*l + 7 = r, 12 = 5*r + 2*l - 11. Suppose 57 = 2*t - r. List the prime factors of t.
31
Let c(v) = -3*v**2 + 9*v + 7. Let o(a) = -8*a**2 + 28*a + 20. Let f(w) = -11*c(w) + 4*o(w